prime factors of 63336?
2, 3, 7, 13, 29
List the prime factors of 5969751.
3, 71, 28027
List the prime factors of 33147209.
23, 107, 13469
What are the prime factors of 19686?
2, 3, 17, 193
List the prime factors of 8995999.
1447, 6217
What are the prime factors of 33456383?
67, 499349
What are the prime factors of 445805?
5, 163, 547
List the prime factors of 6607772.
2, 1651943
List the prime factors of 54278.
2, 7, 3877
List the prime factors of 4261635.
3, 5, 7, 83, 163
What are the prime factors of 2389392?
2, 3, 5531
What are the prime factors of 299525?
5, 11981
List the prime factors of 542037.
3, 180679
What are the prime factors of 2093402?
2, 1046701
List the prime factors of 23051880.
2, 3, 5, 64033
What are the prime factors of 28028?
2, 7, 11, 13
What are the prime factors of 207549?
3, 7687
What are the prime factors of 6052501?
7, 13, 227, 293
What are the prime factors of 135394?
2, 7, 19, 509
What are the prime factors of 211400?
2, 5, 7, 151
List the prime factors of 1906205.
5, 7, 107, 509
List the prime factors of 6102556.
2, 1525639
List the prime factors of 14695392.
2, 3, 153077
What are the prime factors of 3555631?
449, 7919
What are the prime factors of 4220082?
2, 3, 97, 2417
List the prime factors of 690661.
690661
What are the prime factors of 532811?
532811
What are the prime factors of 843463?
67, 12589
What are the prime factors of 242984?
2, 7, 4339
What are the prime factors of 806506?
2, 403253
List the prime factors of 412858.
2, 31, 6659
What are the prime factors of 2396769?
3, 798923
What are the prime factors of 1530132?
2, 3, 47, 2713
What are the prime factors of 11418189?
3, 23, 127, 1303
What are the prime factors of 13180329?
3, 1464481
List the prime factors of 10286562.
2, 3, 11, 13, 19, 631
List the prime factors of 2571250.
2, 5, 11, 17
What are the prime factors of 91952?
2, 7, 821
What are the prime factors of 7821545?
5, 1564309
List the prime factors of 567485.
5, 113497
What are the prime factors of 3461157?
3, 7, 18313
What are the prime factors of 13366447?
13366447
What are the prime factors of 2748833?
2748833
List the prime factors of 157430.
2, 5, 7, 13, 173
What are the prime factors of 4099852?
2, 1024963
List the prime factors of 239096.
2, 11, 13, 19
What are the prime factors of 105341?
105341
List the prime factors of 2545132.
2, 636283
List the prime factors of 456156.
2, 3, 12671
What are the prime factors of 154847?
7, 11, 2011
List the prime factors of 20684.
2, 5171
List the prime factors of 2332542.
2, 3, 388757
What are the prime factors of 25954913?
29, 894997
What are the prime factors of 14777516?
2, 13, 19, 14957
List the prime factors of 5593.
7, 17, 47
What are the prime factors of 266537?
47, 53, 107
What are the prime factors of 4929424?
2, 53, 5813
What are the prime factors of 1626049?
157, 10357
What are the prime factors of 3875188?
2, 787, 1231
What are the prime factors of 6006982?
2, 3003491
List the prime factors of 1043412.
2, 3, 86951
What are the prime factors of 16405481?
59, 109, 2551
What are the prime factors of 2714980?
2, 5, 29, 31, 151
List the prime factors of 372816.
2, 3, 863
What are the prime factors of 68114?
2, 34057
What are the prime factors of 172512?
2, 3, 599
What are the prime factors of 13603705?
5, 233, 11677
List the prime factors of 233699.
17, 59, 233
List the prime factors of 2719329.
3, 67, 83, 163
What are the prime factors of 220661?
7, 29, 1087
List the prime factors of 24767119.
13, 101, 1451
List the prime factors of 243135.
3, 5, 1801
List the prime factors of 980906.
2, 490453
What are the prime factors of 73666?
2, 36833
List the prime factors of 1478738.
2, 739369
List the prime factors of 8697840.
2, 3, 5, 36241
What are the prime factors of 3306562?
2, 7, 257, 919
What are the prime factors of 15786434?
2, 61, 83, 1559
What are the prime factors of 17738803?
17, 277, 3767
List the prime factors of 2497666.
2, 1248833
What are the prime factors of 250277?
353, 709
List the prime factors of 1971238.
2, 23, 42853
What are the prime factors of 4348789?
4348789
What are the prime factors of 13953258?
2, 3, 11, 19, 3709
What are the prime factors of 170930?
2, 5, 17093
List the prime factors of 235835.
5, 101, 467
List the prime factors of 24492797.
7, 499853
List the prime factors of 11447483.
11447483
What are the prime factors of 318412?
2, 23, 3461
What are the prime factors of 13825469?
7, 1975067
What are the prime factors of 906884?
2, 11, 20611
What are the prime factors of 14673195?
3, 5, 23, 14177
What are the prime factors of 105857?
37, 2861
What are the prime factors of 1258934?
2, 629467
What are the prime factors of 14614179?
3, 4871393
List the prime factors of 387041.
349, 1109
What are the prime factors of 929432?
2, 7, 2371
List the prime factors of 239537.
31, 7727
What are the prime factors of 10855146?
2, 3, 17, 31, 3433
List the prime factors of 1322641.
1322641
What are the prime factors of 3341420?
2, 5, 167071
What are the prime factors of 19765337?
43, 673, 683
List the prime factors of 4073050.
2, 5, 29, 53
What are the prime factors of 6103852?
2, 1525963
What are the prime factors of 22531442?
2, 11265721
What are the prime factors of 1261518?
2, 3, 167, 1259
What are the prime factors of 4331113?
193, 22441
What are the prime factors of 8933578?
2, 4466789
List the prime factors of 7659776.
2, 29921
What are the prime factors of 6648902?
2, 13, 47, 5441
List the prime factors of 213789.
3, 71263
List the prime factors of 38037.
3, 31, 409
What are the prime factors of 1123561?
1123561
List the prime factors of 1469397.
3, 489799
What are the prime factors of 4788?
2, 3, 7, 19
List the prime factors of 48743.
79, 617
List the prime factors of 3015822.
2, 3, 181, 2777
List the prime factors of 1681758.
2, 3, 13, 7187
What are the prime factors of 3285?
3, 5, 73
List the prime factors of 23521448.
2, 71, 41411
What are the prime factors of 9822566?
2, 13, 17, 71, 313
List the prime factors of 249870.
2, 3, 5, 8329
List the prime factors of 2144743.
2144743
List the prime factors of 2676019.
43, 62233
What are the prime factors of 23163450?
2, 3, 5, 154423
What are the prime factors of 333976?
2, 109, 383
What are the prime factors of 3666635?
5, 7, 104761
List the prime factors of 8593384.
2, 107, 10039
What are the prime factors of 794754?
2, 3, 67, 659
What are the prime factors of 1268612?
2, 239, 1327
List the prime factors of 972235.
5, 11, 1607
List the prime factors of 296901.
3, 11, 2999
What are the prime factors of 449366?
2, 224683
What are the prime factors of 14884502?
2, 137, 54323
List the prime factors of 8716353.
3, 2905451
What are the prime factors of 545669?
41, 13309
What are the prime factors of 13043880?
2, 3, 5, 19, 1907
List the prime factors of 355882.
2, 107, 1663
What are the prime factors of 12256605?
3, 5, 272369
What are the prime factors of 746770?
2, 5, 53, 1409
What are the prime factors of 23980748?
2, 11, 49547
What are the prime factors of 203140?
2, 5, 7, 1451
List the prime factors of 2197700.
2, 5, 21977
List the prime factors of 1040179.
7, 17, 8741
What are the prime factors of 224016?
2, 3, 13, 359
List the prime factors of 2377001.
11, 216091
What are the prime factors of 1208431?
7, 172633
What are the prime factors of 2144169?
3, 19, 12539
List the prime factors of 4463730.
2, 3, 5, 49597
What are the prime factors of 1359067?
97, 14011
What are the prime factors of 373506?
2, 3, 7, 8893
List the prime factors of 9077289.
3, 13, 232751
What are the prime factors of 122333?
71, 1723
What are the prime factors of 6213586?
2, 43, 72251
What are the prime factors of 377486?
2, 173, 1091
List the prime factors of 5267305.
5, 1053461
List the prime factors of 977089.
31, 43, 733
List the prime factors of 1226160.
2, 3, 5, 13, 131
What are the prime factors of 112078?
2, 56039
What are the prime factors of 270613?
7, 67, 577
What are the prime factors of 1553085?
3, 5, 34513
List the prime factors of 916632.
2, 3, 29, 439
List the prime factors of 625876.
2, 23, 6803
List the prime factors of 248257.
248257
List the prime factors of 13569601.
173, 78437
What are the prime factors of 506725?
5, 20269
What are the prime factors of 547539?
3, 229, 797
L